81 prime?
False
Is 1586521139 composite?
True
Is 610897279 a composite number?
False
Is 691548029 a composite number?
False
Is 2235437845 prime?
False
Is 1700933033 prime?
True
Is 9596661299 prime?
True
Is 51996227487 prime?
False
Is 184806421481 composite?
True
Is 3560649791 a prime number?
True
Is 874622207 a prime number?
True
Is 29869042639 a prime number?
True
Is 21254150929 a composite number?
True
Is 17391484511 prime?
True
Is 5509445273 composite?
True
Is 37444894789 a prime number?
False
Is 3152991477 a composite number?
True
Is 44598456703 a composite number?
True
Is 21912712681 a composite number?
True
Is 435330569 prime?
True
Is 23412619 a composite number?
True
Is 62083067 prime?
True
Is 6637122043 prime?
True
Is 1471963807 composite?
False
Is 302039509 prime?
False
Is 2534056561 prime?
True
Is 37313161 a prime number?
False
Is 1198800506 composite?
True
Is 1266753193 composite?
False
Is 49344533669 prime?
True
Is 271921601 prime?
False
Is 27067369181 a composite number?
False
Is 43969658521 a composite number?
False
Is 881977147 a prime number?
False
Is 6299939738 a prime number?
False
Is 6666560161 a prime number?
False
Is 1145297579 a prime number?
True
Is 28761034903 prime?
True
Is 14994982631 a prime number?
True
Is 252288931 a composite number?
False
Is 222747023 prime?
True
Is 4069824313 composite?
False
Is 3552687839 composite?
False
Is 51622027 a composite number?
True
Is 37117289317 composite?
True
Is 1919687851 a prime number?
True
Is 3249886697 a prime number?
True
Is 7249055453 a prime number?
True
Is 664824053 a prime number?
False
Is 27815344943 a prime number?
True
Is 357897829 prime?
False
Is 30483377633 a composite number?
True
Is 1357663091 composite?
True
Is 39348523 prime?
False
Is 31970181 a composite number?
True
Is 4514334079 composite?
False
Is 4291486163 prime?
True
Is 365109853 prime?
True
Is 422633513 a prime number?
False
Is 306852349 a prime number?
False
Is 40057607827 prime?
True
Is 28917571211 a composite number?
False
Is 182563517 a composite number?
True
Is 22896165307 a composite number?
True
Is 716730887 prime?
True
Is 63948667 a prime number?
True
Is 35099734919 composite?
False
Is 572603893 a prime number?
False
Is 1142311699 a composite number?
False
Is 4182159649 a prime number?
False
Is 2372474983 composite?
True
Is 8232435889 composite?
False
Is 206327333 a composite number?
True
Is 14384244089 composite?
False
Is 81198032345 a composite number?
True
Is 33018464681 prime?
True
Is 2425179307 composite?
True
Is 5778362617 composite?
False
Is 7775341381 a composite number?
True
Is 98235031 prime?
False
Is 840463711 prime?
False
Is 67880364211 prime?
False
Is 2389977713 a composite number?
False
Is 30759818041 a composite number?
True
Is 14702527857 prime?
False
Is 61147119731 a prime number?
False
Is 7182071521 composite?
False
Is 4702376909 a composite number?
False
Is 153167242843 prime?
False
Is 4229838227 prime?
True
Is 1322178173 composite?
True
Is 5293791499 a prime number?
True
Is 2574017709 a prime number?
False
Is 4897490891 prime?
False
Is 4570663333 prime?
False
Is 1178654629 a composite number?
False
Is 1916452673 composite?
False
Is 3134826817 a composite number?
False
Is 41487306767 a composite number?
True
Is 666309503 a composite number?
True
Is 2969138573 a prime number?
True
Is 183106822909 composite?
False
Is 140645854747 a composite number?
False
Is 1396897709705 prime?
False
Is 286200557321 a prime number?
False
Is 11998724651 a composite number?
False
Is 573721333 composite?
False
Is 42157957973 composite?
False
Is 16722567091 a composite number?
True
Is 104907244913 a composite number?
False
Is 591272947 a prime number?
True
Is 5003914141 a composite number?
True
Is 1238048191 a prime number?
True
Is 492574465 a composite number?
True
Is 20561221 prime?
True
Is 42310357961 a prime number?
False
Is 5238990191 composite?
False
Is 4227303467 composite?
False
Is 859314697 a prime number?
False
Is 8013344611 composite?
False
Is 805289543 composite?
False
Is 3106468373 composite?
False
Is 646529089 a composite number?
False
Is 13492708223 a composite number?
True
Is 2139901703 a composite number?
True
Is 2217598391 prime?
False
Is 27758856943 a prime number?
True
Is 12317905051 prime?
True
Is 6405780167 a prime number?
True
Is 2797938701 composite?
False
Is 9885092549 prime?
False
Is 3680990233 prime?
True
Is 259035197 prime?
True
Is 381881902 prime?
False
Is 4321086941 a composite number?
True
Is 332397253 prime?
True
Is 1345462583 prime?
False
Is 491548912321 prime?
True
Is 89028875633 a prime number?
True
Is 2879482999 a composite number?
True
Is 528304729 composite?
False
Is 78105239 composite?
False
Is 12120589393 composite?
True
Is 447145063 prime?
False
Is 5636328403 a composite number?
True
Is 4184160961 prime?
False
Is 46062017303 composite?
True
Is 3048999949 composite?
False
Is 39453934937 composite?
False
Is 2018280347 a composite number?
False
Is 108508014593 a prime number?
False
Is 299539711 a composite number?
True
Is 971803507 a composite number?
True
Is 13572380033 composite?
True
Is 74317667 prime?
False
Is 27773384329 composite?
False
Is 4871323513 prime?
False
Is 2548976873 a composite number?
True
Is 2790220967 a prime number?
True
Is 145453823 a composite number?
True
Is 24335673673 a composite number?
False
Is 21939547702 composite?
True
Is 6546022333 prime?
False
Is 98353049645 a composite number?
True
Is 8131154033 a prime number?
False
Is 18643439545 a composite number?
True
Is 487154027 prime?
False
Is 718886843 composite?
False
Is 238480645769 composite?
False
Is 3227079733 a composite number?
False
Is 146746003013 prime?
True
Is 23278003207 composite?
False
Is 12458129473 a composite number?
False
Is 607524629 prime?
True
Is 806311369 composite?
False
Is 5938575019 a composite number?
True
Is 41786081 a prime number?
True
Is 7439777287 prime?
False
Is 326064619 a prime number?
True
Is 1326571151 composite?
False
Is 55948967 a composite number?
True
Is 5108406847 prime?
True
Is 25791662653 prime?
False
Is 1103218063 prime?
True
Is 485265293597 a composite number?
True
Is 2527959587 composite?
False
Is 52816622549 a composite number?
False
Is 4379789911 a composite number?
True
Is 2591621069 prime?
True
Is 3050446171 composite?
True
Is 9724700533 a prime number?
True
Is 6171573389 a composite number?
False
Is 24919381939 a prime number?
False
Is 16380597059 a composite number?
True
Is 47094387997 a composite number?
True
Is 65793320903 a prime number?
True
Is 11537879687 composite?
False
Is 620260931 a prime number?
True
Is 249209119 a prime number?
False
Is 1176630643 composite?
False
Is 3778813513 composite?
True
Is 22942148209 a prime number?
False
Is 27961141279 prime?
True
Is 9340383029 composite?
True
Is 30642007337 a composite number?
False
Is 2080481681 composite?
False
Is 12213810847 a prime number?
False
Is 3224876087 a composite number?
False
Is 6638227459 composite?
True
Is 406363327 a composite number?
False
Is 78772669 a prime number?
True
Is 127303377 a composite number?
True
Is 42948938939 a prime number?
True
Is 9473111717 a composite number?
False
Is 2719920551 composite?
True
Is 3847101205 a prime number?
False
Is 267856861 a composite number?
False
Is 17493547891 composite?
False
Is 29336301907 a composite number?
True
Is 2134428269 a composite number?
False
Is 4636984603 a composite number?
False
Is 2696990246 a prime number?
False
Is 340163723 composite?
True
Is 1675182317 a composite number?
True
Is 1696889203 composite?
False
Is 3893723497 composite?
False
Is 44513988943 a composite number?
False
Is 540243217 prime?
True
Is 118797226711 a prime number?
True
Is 1195771823 prime?
False
Is 4067166891 prime?
False
Is 61011389821 a composite number?
False
Is 31904265167 a composite number?
False
Is 9728190113 composite?
True
Is 8371080829 prime?
False
Is 84460581901 a composite number?
False
Is 594776527 a prime number?
False
Is 73024069 a prime number?
True
Is 30607237499 composite?
False
Is 56637293809 prime?
True
Is 9566817449 composite?
True
Is 1369743667 prime?
True
Is 6345311771 prime?
True
Is 1045815539 prime?
False
Is 5717243369 composite?
True
Is 657656191 prime?
False
Is 148166168687 prime?
True
Is 1941714067 comp